{"id":69,"date":"2015-04-29T18:57:00","date_gmt":"2015-04-29T18:57:00","guid":{"rendered":"http:\/\/www.porqueteatro.com\/paulina\/?page_id=69"},"modified":"2015-05-04T14:35:12","modified_gmt":"2015-05-04T14:35:12","slug":"biografias","status":"publish","type":"page","link":"http:\/\/www.porqueteatro.com\/paulina\/biografias\/","title":{"rendered":"BIOGRAF\u00cdAS"},"content":{"rendered":"<p>&nbsp;<\/p>\n<h5>Mar\u00eda J. Casta\u00f1eda.<\/h5>\n<p>Licenciada en Interpretaci\u00f3n (ESAD), Diplomada en Cinematograf\u00eda (NIC). Profesora de Artes esc\u00e9nicas (Univ. Complutense de Madrid). Estudia clown y danza en la Escuela de Circo Carampa. Se especializa en teatro de Objetos (Argentina). Entre sus maestros encontramos: Andr\u00e9s Lima, Vicente Fuentes, Lidia Garc\u00eda, Esperanza Abad, Hern\u00e1n Gen\u00e9, Leo Bassi, Alfonso Zurro. Actualmente desarrolla las funciones de interpretaci\u00f3n, direcci\u00f3n y dramaturgia en la C\u00eda Teatro Del Gallinero, labor que compagina con el trabajo de Interpretaci\u00f3n en otras compa\u00f1\u00edas como Teatro Cl\u00e1sico de Sevilla y Producciones Imperdible.<br \/>\n<img decoding=\"async\" loading=\"lazy\" class=\"aligncenter size-medium wp-image-78\" style=\"margin: auto;\" src=\"http:\/\/www.porqueteatro.com\/paulina\/wp-content\/uploads\/2015\/04\/maria-300x300.jpg\" alt=\"Mar\u00eda J. Casta\u00f1eda\" width=\"300\" height=\"300\" srcset=\"http:\/\/www.porqueteatro.com\/paulina\/wp-content\/uploads\/2015\/04\/maria-300x300.jpg 300w, http:\/\/www.porqueteatro.com\/paulina\/wp-content\/uploads\/2015\/04\/maria-150x150.jpg 150w, http:\/\/www.porqueteatro.com\/paulina\/wp-content\/uploads\/2015\/04\/maria-400x400.jpg 400w, http:\/\/www.porqueteatro.com\/paulina\/wp-content\/uploads\/2015\/04\/maria.jpg 550w\" sizes=\"(max-width: 300px) 100vw, 300px\" \/><\/p>\n<h5>Jorge Dubarry.<\/h5>\n<p>Estudia Direcci\u00f3n Esc\u00e9nica y escenograf\u00eda en el Instituto Andaluz del Teatro. Ha trabajado con los maestros: LLuis Pascual, Michel Azama, Valery Fokin, Gerardjan Rijners, April de Angelis, Perla Jaritonsky\u2026 En 1998 funda la compa\u00f1\u00eda \u00bfPor qu\u00e9 teatro? realizando tareas de direcci\u00f3n, interpretaci\u00f3n, dramaturgia y escenograf\u00eda. Adem\u00e1s, ha trabajado para otras compa\u00f1\u00edas de teatro, circo y danza, participado en festivales como: Grec, feSt, Feria de\u00a0Teatro en el Sur\u2026 Director de los laboratorios de creaci\u00f3n \u201cCriaturas de Laboratorio\u201d en Espa\u00f1a e Italia desde 2009.<\/p>\n<p><img decoding=\"async\" loading=\"lazy\" class=\"aligncenter size-medium wp-image-120\" style=\"margin: auto;\" src=\"http:\/\/www.porqueteatro.com\/paulina\/wp-content\/uploads\/2015\/04\/jorge-300x300.jpg\" alt=\"Jorge Dubarry\" width=\"300\" height=\"300\" srcset=\"http:\/\/www.porqueteatro.com\/paulina\/wp-content\/uploads\/2015\/04\/jorge-300x300.jpg 300w, http:\/\/www.porqueteatro.com\/paulina\/wp-content\/uploads\/2015\/04\/jorge-150x150.jpg 150w, http:\/\/www.porqueteatro.com\/paulina\/wp-content\/uploads\/2015\/04\/jorge-400x400.jpg 400w, http:\/\/www.porqueteatro.com\/paulina\/wp-content\/uploads\/2015\/04\/jorge.jpg 550w\" sizes=\"(max-width: 300px) 100vw, 300px\" \/><\/p>\n<h5>Daniel Abad.<\/h5>\n<p>Productor, dise\u00f1ador de sonido, m\u00fasico, compositor. Especialista en m\u00fasica para teatro y cine. Ha trabajado como director musical de varios espect\u00e1culos como D.J Tenorio, La dama de las camelias, las preciosas rid\u00edculas&#8230;Compositor de multitud de obras de teatro como: \u00abNoche libresca\u00bb, \u00abEsta no es la historia de Anto\u00f1ita la fant\u00e1stica\u00bb, \u00abLa primavera de Lola\u00bb\u2026 Editor y creador de espacios sonoros: \u00abEl monte del olvido\u00bb, \u00abEspacio\u00bb, \u00abFranco el retorno\u00bb, \u00abEl aedo\u00bb\u2026<br \/>\n<img decoding=\"async\" loading=\"lazy\" class=\"aligncenter size-medium wp-image-82\" style=\"margin: auto;\" src=\"http:\/\/www.porqueteatro.com\/paulina\/wp-content\/uploads\/2015\/04\/dani-300x300.jpg\" alt=\"Daniel Abad\" width=\"300\" height=\"300\" srcset=\"http:\/\/www.porqueteatro.com\/paulina\/wp-content\/uploads\/2015\/04\/dani-300x300.jpg 300w, http:\/\/www.porqueteatro.com\/paulina\/wp-content\/uploads\/2015\/04\/dani-150x150.jpg 150w, http:\/\/www.porqueteatro.com\/paulina\/wp-content\/uploads\/2015\/04\/dani-400x400.jpg 400w, http:\/\/www.porqueteatro.com\/paulina\/wp-content\/uploads\/2015\/04\/dani.jpg 550w\" sizes=\"(max-width: 300px) 100vw, 300px\" \/><\/p>\n<h5>Jes\u00fas Maestre.<\/h5>\n<p>Estudi\u00f3 en Huelva con el guitarrista de Jazz Antonio Esper\u00f3n. Ampl\u00eda su formaci\u00f3n en el taller de jazz de la Universidad de Sevilla. Su af\u00e1n por innovar le ha llevado a crear un instrumento singular, mezcla de guitarra y bajo. Actualmente trabaja con \u201cThe Pocket Band\u201d. Toca diversos estilos como jazz, pop, funk, blues, m\u00fasica brasile\u00f1a y cubana, realizando trabajos de composici\u00f3n e interprete para diferentes bandas del panorama musical andaluz.<br \/>\n<img decoding=\"async\" loading=\"lazy\" class=\"aligncenter size-medium wp-image-83\" style=\"margin: auto;\" src=\"http:\/\/www.porqueteatro.com\/paulina\/wp-content\/uploads\/2015\/04\/jesus-300x300.jpg\" alt=\"Jes\u00fas Maestre\" width=\"300\" height=\"300\" srcset=\"http:\/\/www.porqueteatro.com\/paulina\/wp-content\/uploads\/2015\/04\/jesus-300x300.jpg 300w, http:\/\/www.porqueteatro.com\/paulina\/wp-content\/uploads\/2015\/04\/jesus-150x150.jpg 150w, http:\/\/www.porqueteatro.com\/paulina\/wp-content\/uploads\/2015\/04\/jesus-400x400.jpg 400w, http:\/\/www.porqueteatro.com\/paulina\/wp-content\/uploads\/2015\/04\/jesus.jpg 550w\" sizes=\"(max-width: 300px) 100vw, 300px\" \/><\/p>\n<h5>Carmen Mori.<\/h5>\n<p>Licenciada en Periodismo y Arte Dram\u00e1tico y formada como t\u00e9cnico de iluminaci\u00f3n esc\u00e9nica, ampl\u00eda sus estudios t\u00e9cnicos con cursos de dise\u00f1o de iluminaci\u00f3n, escenograf\u00eda, regidur\u00eda, producci\u00f3n y gesti\u00f3n cultural. Realiza dise\u00f1os de iluminaci\u00f3n para compa\u00f1\u00edas de teatro y danza y habitualmente trabaja como t\u00e9cnico, aunque tambi\u00e9n ha tocado el campo de la producci\u00f3n, v\u00eddeo y maquetaci\u00f3n.<\/p>\n","protected":false},"excerpt":{"rendered":"<p>&nbsp; Mar\u00eda J. Casta\u00f1eda. Licenciada en Interpretaci\u00f3n (ESAD), Diplomada en Cinematograf\u00eda (NIC). Profesora de Artes esc\u00e9nicas (Univ. Complutense de Madrid). Estudia clown y danza en la Escuela de Circo Carampa. Se especializa en teatro de Objetos (Argentina). Entre sus maestros encontramos: Andr\u00e9s Lima, Vicente Fuentes, Lidia Garc\u00eda, Esperanza Abad, Hern\u00e1n Gen\u00e9, Leo Bassi, Alfonso Zurro. [&hellip;]<\/p>\n","protected":false},"author":1,"featured_media":0,"parent":0,"menu_order":0,"comment_status":"closed","ping_status":"closed","template":"","meta":[],"_links":{"self":[{"href":"http:\/\/www.porqueteatro.com\/paulina\/wp-json\/wp\/v2\/pages\/69"}],"collection":[{"href":"http:\/\/www.porqueteatro.com\/paulina\/wp-json\/wp\/v2\/pages"}],"about":[{"href":"http:\/\/www.porqueteatro.com\/paulina\/wp-json\/wp\/v2\/types\/page"}],"author":[{"embeddable":true,"href":"http:\/\/www.porqueteatro.com\/paulina\/wp-json\/wp\/v2\/users\/1"}],"replies":[{"embeddable":true,"href":"http:\/\/www.porqueteatro.com\/paulina\/wp-json\/wp\/v2\/comments?post=69"}],"version-history":[{"count":23,"href":"http:\/\/www.porqueteatro.com\/paulina\/wp-json\/wp\/v2\/pages\/69\/revisions"}],"predecessor-version":[{"id":122,"href":"http:\/\/www.porqueteatro.com\/paulina\/wp-json\/wp\/v2\/pages\/69\/revisions\/122"}],"wp:attachment":[{"href":"http:\/\/www.porqueteatro.com\/paulina\/wp-json\/wp\/v2\/media?parent=69"}],"curies":[{"name":"wp","href":"https:\/\/api.w.org\/{rel}","templated":true}]}}