{"id":63,"date":"2015-04-29T18:35:48","date_gmt":"2015-04-29T18:35:48","guid":{"rendered":"http:\/\/www.porqueteatro.com\/paulina\/?page_id=63"},"modified":"2015-05-05T19:31:42","modified_gmt":"2015-05-05T19:31:42","slug":"ficha-tecnico-artistica","status":"publish","type":"page","link":"http:\/\/www.porqueteatro.com\/paulina\/ficha-tecnico-artistica\/","title":{"rendered":"FICHA T\u00c9CNICO ART\u00cdSTICA"},"content":{"rendered":"<p>&nbsp;<\/p>\n<!-- meta slider -->\n<div style=\"max-width: 750px;\" class=\"metaslider metaslider-coin metaslider-140 ml-slider\">\n    \n    <div id=\"metaslider_container_140\">\n        <div id='metaslider_140' class='coin-slider'>\n<a href=\"javascript:void(0)\"><img src=\"http:\/\/www.porqueteatro.com\/paulina\/wp-content\/uploads\/2015\/05\/paulina-a-secas-7-750x320.jpg\" height=\"320\" width=\"750\" alt=\"\" class=\"slider-140 slide-141\" style=\"display: none;\" \/><\/a>\n<a href=\"javascript:void(0)\"><img src=\"http:\/\/www.porqueteatro.com\/paulina\/wp-content\/uploads\/2015\/05\/paulina-a-secas-12-750x320.jpg\" height=\"320\" width=\"750\" alt=\"\" class=\"slider-140 slide-142\" style=\"display: none;\" \/><\/a>\n<a href=\"javascript:void(0)\"><img src=\"http:\/\/www.porqueteatro.com\/paulina\/wp-content\/uploads\/2015\/05\/paulina-a-secas-22-750x320.jpg\" height=\"320\" width=\"750\" alt=\"\" class=\"slider-140 slide-143\" style=\"display: none;\" \/><\/a>\n<a href=\"javascript:void(0)\"><img src=\"http:\/\/www.porqueteatro.com\/paulina\/wp-content\/uploads\/2015\/05\/paulina-a-secas-29-750x320.jpg\" height=\"320\" width=\"750\" alt=\"\" class=\"slider-140 slide-144\" style=\"display: none;\" \/><\/a>\n<a href=\"javascript:void(0)\"><img src=\"http:\/\/www.porqueteatro.com\/paulina\/wp-content\/uploads\/2015\/05\/paulina-a-secas-35-750x320.jpg\" height=\"320\" width=\"750\" alt=\"\" class=\"slider-140 slide-145\" style=\"display: none;\" \/><\/a>\n<a href=\"javascript:void(0)\"><img src=\"http:\/\/www.porqueteatro.com\/paulina\/wp-content\/uploads\/2015\/05\/paulina-a-secas-37-750x320.jpg\" height=\"320\" width=\"750\" alt=\"\" class=\"slider-140 slide-146\" style=\"display: none;\" \/><\/a>\n        <\/div>\n        \n    <\/div>\n    <script type=\"text\/javascript\">\n        var metaslider_140 = function($) {\n            $('#metaslider_140').coinslider({ \n                width:750,\n                height:320,\n                spw:7,\n                sph:5,\n                delay:3000,\n                sDelay:30,\n                opacity:\"0\",\n                titleSpeed:500,\n                animation:\"random\",\n                showNavigationButtons:true,\n                showNavigationPrevNext:true,\n                hoverPause:true,\n                prevText:\"&lt;\",\n                nextText:\"&gt;\"\n            });\n        };\n        var timer_metaslider_140 = function() {\n            var slider = !window.jQuery ? window.setTimeout(timer_metaslider_140, 100) : !jQuery.isReady ? window.setTimeout(timer_metaslider_140, 1) : metaslider_140(window.jQuery);\n        };\n        timer_metaslider_140();\n    <\/script>\n<\/div>\n<!--\/\/ meta slider-->\n<p>&nbsp;<\/p>\n<p><strong>T\u00edtulo<\/strong>: Paulina A Secas, psicodrama musical \u00b7 <strong>Compa\u00f1\u00eda<\/strong>: Teatro Del Gallinero \u00b7 <strong>Dramaturgia y direcci\u00f3n<\/strong>: Jorge Dubarry \u00b7\u00a0<strong>Textos<\/strong>: Mar\u00eda J. Casta\u00f1eda \u00b7 <strong>Elenco<\/strong>: Mar\u00eda J. Casta\u00f1eda (Paulina A Secas) \u00b7 <strong>M\u00fasicos<\/strong>: Jes\u00fas Maestre <em>(Guitarra-bajo)<\/em> Dani Abad <em>(Contrabajo, acorde\u00f3n, teclado, efectos sonoros)<\/em> Mar\u00eda J. Casta\u00f1eda <em>(voz, ukelele, instrumentos percutidos)<\/em>\u00a0\u00b7 <strong>Iluminaci\u00f3n y sonido<\/strong>: Carmen Mori \u00b7 <strong>Espacio Sonoro<\/strong>: Big Band A Secas \u00b7 <strong>Espacio Esc\u00e9nico<\/strong>: Teatro del Gallinero \u00b7 <strong>Atrezzo y efectos especiales<\/strong>: Juanma Santaella \u00b7 <strong>Vestuario<\/strong>: Lola Rodr\u00edguez \u00b7 <strong>Fotograf\u00eda<\/strong>: Laura Zorrilla \u00b7 <strong>Dise\u00f1o gr\u00e1fico<\/strong>: <a href=\"http:\/\/www.mariomendez.es\" target=\"_blank\">Mario M\u00e9ndez<\/a>\u00a0\u00b7 <strong>Dise\u00f1o de camisetas<\/strong>: Conilusi\u00f3n \u00b7 <strong>Producci\u00f3n<\/strong>: \u00bfPor Qu\u00e9 Teatro? \u00b7 <strong>Distribuci\u00f3n<\/strong>: Teatro del Gallinero \u00b7 <strong>Duraci\u00f3n<\/strong>: 75minutos \u00b7 <strong>Web<\/strong>: <a href=\"http:\/\/www.porqueteatro.com\" target=\"_blank\">www.porqueteatro.com<\/a><\/p>\n","protected":false},"excerpt":{"rendered":"<p>&nbsp; &nbsp; T\u00edtulo: Paulina A Secas, psicodrama musical \u00b7 Compa\u00f1\u00eda: Teatro Del Gallinero \u00b7 Dramaturgia y direcci\u00f3n: Jorge Dubarry \u00b7\u00a0Textos: Mar\u00eda J. Casta\u00f1eda \u00b7 Elenco: Mar\u00eda J. Casta\u00f1eda (Paulina A Secas) \u00b7 M\u00fasicos: Jes\u00fas Maestre (Guitarra-bajo) Dani Abad (Contrabajo, acorde\u00f3n, teclado, efectos sonoros) Mar\u00eda J. Casta\u00f1eda (voz, ukelele, instrumentos percutidos)\u00a0\u00b7 Iluminaci\u00f3n y sonido: Carmen Mori [&hellip;]<\/p>\n","protected":false},"author":1,"featured_media":0,"parent":0,"menu_order":0,"comment_status":"closed","ping_status":"closed","template":"","meta":[],"_links":{"self":[{"href":"http:\/\/www.porqueteatro.com\/paulina\/wp-json\/wp\/v2\/pages\/63"}],"collection":[{"href":"http:\/\/www.porqueteatro.com\/paulina\/wp-json\/wp\/v2\/pages"}],"about":[{"href":"http:\/\/www.porqueteatro.com\/paulina\/wp-json\/wp\/v2\/types\/page"}],"author":[{"embeddable":true,"href":"http:\/\/www.porqueteatro.com\/paulina\/wp-json\/wp\/v2\/users\/1"}],"replies":[{"embeddable":true,"href":"http:\/\/www.porqueteatro.com\/paulina\/wp-json\/wp\/v2\/comments?post=63"}],"version-history":[{"count":4,"href":"http:\/\/www.porqueteatro.com\/paulina\/wp-json\/wp\/v2\/pages\/63\/revisions"}],"predecessor-version":[{"id":147,"href":"http:\/\/www.porqueteatro.com\/paulina\/wp-json\/wp\/v2\/pages\/63\/revisions\/147"}],"wp:attachment":[{"href":"http:\/\/www.porqueteatro.com\/paulina\/wp-json\/wp\/v2\/media?parent=63"}],"curies":[{"name":"wp","href":"https:\/\/api.w.org\/{rel}","templated":true}]}}