{"id":45,"date":"2015-04-29T18:02:29","date_gmt":"2015-04-29T18:02:29","guid":{"rendered":"http:\/\/www.porqueteatro.com\/paulina\/?page_id=45"},"modified":"2015-05-05T19:28:27","modified_gmt":"2015-05-05T19:28:27","slug":"paulina-a-secas-el-psicodrama-musical","status":"publish","type":"page","link":"http:\/\/www.porqueteatro.com\/paulina\/paulina-a-secas-el-psicodrama-musical\/","title":{"rendered":"SINOPSIS"},"content":{"rendered":"<p>&nbsp;<\/p>\n<!-- meta slider -->\n<div style=\"max-width: 750px;\" class=\"metaslider metaslider-coin metaslider-123 ml-slider\">\n    \n    <div id=\"metaslider_container_123\">\n        <div id='metaslider_123' class='coin-slider'>\n<a href=\"javascript:void(0)\"><img src=\"http:\/\/www.porqueteatro.com\/paulina\/wp-content\/uploads\/2015\/05\/paulina-a-secas-13-750x320.jpg\" height=\"320\" width=\"750\" alt=\"\" class=\"slider-123 slide-127\" style=\"display: none;\" \/><\/a>\n<a href=\"javascript:void(0)\"><img src=\"http:\/\/www.porqueteatro.com\/paulina\/wp-content\/uploads\/2015\/05\/paulina-a-secas-46-750x320.jpg\" height=\"320\" width=\"750\" alt=\"\" class=\"slider-123 slide-130\" style=\"display: none;\" \/><\/a>\n<a href=\"javascript:void(0)\"><img src=\"http:\/\/www.porqueteatro.com\/paulina\/wp-content\/uploads\/2015\/05\/paulina-a-secas-3-750x320.jpg\" height=\"320\" width=\"750\" alt=\"\" class=\"slider-123 slide-124\" style=\"display: none;\" \/><\/a>\n<a href=\"javascript:void(0)\"><img src=\"http:\/\/www.porqueteatro.com\/paulina\/wp-content\/uploads\/2015\/05\/paulina-a-secas-8-750x320.jpg\" height=\"320\" width=\"750\" alt=\"\" class=\"slider-123 slide-125\" style=\"display: none;\" \/><\/a>\n<a href=\"javascript:void(0)\"><img src=\"http:\/\/www.porqueteatro.com\/paulina\/wp-content\/uploads\/2015\/05\/paulina-a-secas-20-750x320.jpg\" height=\"320\" width=\"750\" alt=\"\" class=\"slider-123 slide-128\" style=\"display: none;\" \/><\/a>\n<a href=\"javascript:void(0)\"><img src=\"http:\/\/www.porqueteatro.com\/paulina\/wp-content\/uploads\/2015\/05\/paulina-a-secas-9-750x320.jpg\" height=\"320\" width=\"750\" alt=\"\" class=\"slider-123 slide-126\" style=\"display: none;\" \/><\/a>\n<a href=\"javascript:void(0)\"><img src=\"http:\/\/www.porqueteatro.com\/paulina\/wp-content\/uploads\/2015\/05\/paulina-a-secas-44-750x320.jpg\" height=\"320\" width=\"750\" alt=\"\" class=\"slider-123 slide-129\" style=\"display: none;\" \/><\/a>\n        <\/div>\n        \n    <\/div>\n    <script type=\"text\/javascript\">\n        var metaslider_123 = function($) {\n            $('#metaslider_123').coinslider({ \n                width:750,\n                height:320,\n                spw:7,\n                sph:5,\n                delay:3000,\n                sDelay:30,\n                opacity:\"0\",\n                titleSpeed:500,\n                animation:\"random\",\n                showNavigationButtons:true,\n                showNavigationPrevNext:true,\n                hoverPause:true,\n                prevText:\"&lt;\",\n                nextText:\"&gt;\"\n            });\n        };\n        var timer_metaslider_123 = function() {\n            var slider = !window.jQuery ? window.setTimeout(timer_metaslider_123, 100) : !jQuery.isReady ? window.setTimeout(timer_metaslider_123, 1) : metaslider_123(window.jQuery);\n        };\n        timer_metaslider_123();\n    <\/script>\n<\/div>\n<!--\/\/ meta slider-->\n<p>&nbsp;<\/p>\n<p>Asistimos a una Terapia Colectiva donde conoceremos y probaremos el m\u00e9todo descubierto por la psicoanal\u00edsta argentina Paulina A Secas. Una amarga y divertida terapeuta que ha experimentado en su propia piel el poder de sanaci\u00f3n de \u00e9ste. Terapia de choque, terapia r\u00e1pida, musicoterapia, poetapia, pisoterapia y otros m\u00e9todos que nos ayudar\u00e1n a salir de una manera airosa, de esas situaciones amargas de nuestras miserables vidas.<\/p>\n<p>S\u00f3lo que esta terapia, al no haber sido a\u00fan probada con seres humanos a veces se le ir\u00e1 de las manos a nuestra terapeuta, involucr\u00e1ndose de tal modo en el proceso que llegar\u00e1 a volverse completamente loca en la experimentaci\u00f3n de su propio m\u00e9todo y as\u00ed llegaremos a descubrir su secreto, su amargura, su viaje. Un concierto po\u00e9tico e interactivo.<\/p>\n","protected":false},"excerpt":{"rendered":"<p>&nbsp; &nbsp; Asistimos a una Terapia Colectiva donde conoceremos y probaremos el m\u00e9todo descubierto por la psicoanal\u00edsta argentina Paulina A Secas. Una amarga y divertida terapeuta que ha experimentado en su propia piel el poder de sanaci\u00f3n de \u00e9ste. Terapia de choque, terapia r\u00e1pida, musicoterapia, poetapia, pisoterapia y otros m\u00e9todos que nos ayudar\u00e1n a salir [&hellip;]<\/p>\n","protected":false},"author":1,"featured_media":0,"parent":0,"menu_order":0,"comment_status":"closed","ping_status":"closed","template":"","meta":[],"_links":{"self":[{"href":"http:\/\/www.porqueteatro.com\/paulina\/wp-json\/wp\/v2\/pages\/45"}],"collection":[{"href":"http:\/\/www.porqueteatro.com\/paulina\/wp-json\/wp\/v2\/pages"}],"about":[{"href":"http:\/\/www.porqueteatro.com\/paulina\/wp-json\/wp\/v2\/types\/page"}],"author":[{"embeddable":true,"href":"http:\/\/www.porqueteatro.com\/paulina\/wp-json\/wp\/v2\/users\/1"}],"replies":[{"embeddable":true,"href":"http:\/\/www.porqueteatro.com\/paulina\/wp-json\/wp\/v2\/comments?post=45"}],"version-history":[{"count":18,"href":"http:\/\/www.porqueteatro.com\/paulina\/wp-json\/wp\/v2\/pages\/45\/revisions"}],"predecessor-version":[{"id":139,"href":"http:\/\/www.porqueteatro.com\/paulina\/wp-json\/wp\/v2\/pages\/45\/revisions\/139"}],"wp:attachment":[{"href":"http:\/\/www.porqueteatro.com\/paulina\/wp-json\/wp\/v2\/media?parent=45"}],"curies":[{"name":"wp","href":"https:\/\/api.w.org\/{rel}","templated":true}]}}